 n(g) = -g**3 + 16*g**2 + 17*g + 1. Let a be n(16). Suppose 0 = 5*k + 5*i + a - 83, 2 = 2*i. Is ((-6)/(-2))/((-3)/k) composite?
True
Suppose -r - 6 = -2*i - 5*r, -2*r = 6. Suppose 5*w = i*w + 488. Let n = -19 - w. Is n composite?
False
Suppose -d - 4*r + 3*r + 115 = 0, 0 = -5*d + 2*r + 589. Let o be d/(2 + 3/(-6)). Suppose 0 = 3*h - 843 - o. Is h a prime number?
True
Let x(r) = 7*r + 18*r - 26*r**2 - 29 + 25*r**2 + 7*r. Is x(22) a composite number?
False
Suppose 10 = 4*o + 3*s, -3*s + 14 = 3*o + 2*o. Suppose -3*v - 669 = -o*v. Is v a composite number?
True
Let d = -382 - -120. Let u = 515 + d. Is u prime?
False
Let b be 1/(4/958) - (-20)/40. Suppose 3*i - 161 + 51 = r, 0 = 5*r - 4*i + 583. Let y = r + b. Is y composite?
True
Let y be (-1 - 5/(-5)) + 234. Suppose -y = -2*w - 56. Is w composite?
False
Let w be (3 - 7)*1 + 2. Let r be (w - 0) + 3 + 127. Let q = 525 - r. Is q a composite number?
False
Let i(c) = 3*c**2 + 13*c - 145. Is i(-48) a composite number?
False
Suppose -3*l - 3*q + 17 = -q, 0 = 5*l - 3*q - 3. Suppose -5*p - l*o + 573 = -340, 4*p + 4*o = 724. Is p prime?
False
Let u be (-1 + 0 + 0)/1. Is 0/u - (-212 - 11) composite?
False
Is ((-4)/(-16)*1)/(1/6772) prime?
True
Suppose 4 = -4*r, 14 = -5*c - 2*r - 48. Is (52/c + -2)*-3 composite?
False
Let a = -424 - -1607. Suppose -a = -8*u + 1865. Is u composite?
True
Suppose 2*c = 795 + 3143. Is c a composite number?
True
Let u(a) = 133*a**2 + 6*a - 10. Is u(-3) a composite number?
True
Suppose 41*w = 58*w + 102. Let u(c) = 77*c + 22. Let q(d) = -38*d - 11. Let r(p) = 11*q(p) + 5*u(p). Is r(w) a prime number?
False
Suppose -6 = 2*p - 5*p. Suppose -993 = -3*y + p*c, -3*y + c + 2*c = -996. Is y composite?
True
Is 5768 + ((-10)/(-4))/((-38)/(-76)) composite?
True
Suppose -2*j = 5*n - 29905, 9*n - 7*n - 11962 = -2*j. Is n prime?
True
Let p(y) = 3*y**2 - 6*y + 9. Let c be p(7). Let f = c - -143. Is f a prime number?
True
Let v = 2632 + -1369. Suppose i = v + 1008. Is i prime?
False
Let y(f) = -f**3 - 4*f**2 + 3. Let g be y(-4). Let z(u) = -9*u**2 + 3*u + u**3 - 5*u - 12*u + g. Is z(11) a prime number?
False
Let f(d) = -d**2 - 10*d - 10. Let y be f(-9). Is -293*(y - 3 - -3) prime?
True
Let f = 1806 - 299. Is f prime?
False
Let k(i) = -2*i + 20. Let r be k(9). Suppose 0 = -2*l - 4*n + 110, -r*l - 4*n = -l - 63. Is l composite?
False
Let x = -1900 - -3381. Is x a prime number?
True
Let a be 434/(106/26 - 4). Let m = -23504 + a. Is m/(-54) - 4/(-18) prime?
True
Let q(k) = k**2 - 2*k - 3. Let m be q(-1). Suppose -3*t + 5328 - 1983 = m. Is t prime?
False
Let j be 1/(21/(-14))*(0 - 12). Is -389*((-2)/j*-4 - 2) a composite number?
False
Let k(z) = 30*z - 25. Let j be k(12). Suppose 0 = -2*n + 3*n - j. Is n prime?
False
Suppose 100 = 4*a - 4. Let t = 44 - a. Let c = t + 19. Is c a prime number?
True
Suppose -37*d + 747483 = -742248. Is d a composite number?
True
Let u = -35149 + 54915. Is u prime?
False
Let y be 176*(3 + 27/(-6)). Let m = y - -477. Let c = 78 + m. Is c a prime number?
False
Let s(i) = 294*i - 5. Let b = 48 - 46. Is s(b) prime?
False
Let z(g) = g + 3. Let j be z(0). Suppose t - 148 = -k, 273 = 3*k - j*t - 153. Is k composite?
True
Suppose -3 = -3*k - b, 2*k - 3*b = 4 + 9. Suppose 0*c = -k*c + 266. Is c composite?
True
Let k = -108 + 668. Suppose -4*t = -36 - k. Is t a prime number?
True
Let l be (-9)/((-4)/(-168)*3). Is (-114254)/l + (-4)/(-18) a prime number?
True
Suppose 5*l + 34 = 3*j, -l = -3*j + 10 + 4. Suppose -r = 4*k - 1033, -j*r + 2*r = 3*k - 776. Is k composite?
False
Let w(y) = 6*y**3 - 6*y**2 + 5*y - 3. Let f be w(6). Let g = 1808 - f. Is g a prime number?
True
Let a(j) = 9*j**3 + 9*j**2 - 16*j - 78. Is a(10) a composite number?
True
Let j(a) = -3842*a + 2. Is j(-6) prime?
False
Let l(o) = -229*o**3 - 8*o**2 - 5*o + 5. Is l(-3) a composite number?
False
Let i(u) = -2*u**3 + 10*u + 6*u - 8*u**2 - 9*u + 3*u**3 + 6. Let g be i(7). Is ((-513)/36)/(g/(-16)) composite?
True
Is ((-6)/3)/((-28)/318346) a prime number?
True
Suppose -5*u = -4*u - 15. Let y = 19 - u. Is (-6963)/(-55) - y/(-10) a prime number?
True
Suppose -5*n = 2*t, n = -0*t + t - 7. Suppose t*y + 3*u - 6326 = -0*y, -u = 4*y - 5065. Is y composite?
True
Suppose 7*n + 36 = -2*n. Let y(q) = -50*q + 3. Is y(n) a prime number?
False
Let y(q) = 3*q + 2. Let p be y(2). Suppose 3*x = p*x - 30. Let d(r) = r**3 - 2*r**2 + 4*r - 10. Is d(x) a composite number?
True
Let z = 615 - -138. Is z prime?
False
Suppose -8*w + 1546 = -x - 3*w, x = -4*w - 1510. Is (x/4)/((-4)/8) a prime number?
False
Let v(a) = 134*a - 27*a**2 + 260*a**2 + 3 - 139*a. Is v(5) a composite number?
True
Let s be (-4)/(-1) - (37 + 2). Is 14/s + (-5061)/(-15) prime?
True
Let s(w) = 49*w**2 - 7*w - 27. Let m be s(-17). Suppose -61*u + 64*u - m = 0. Is u a prime number?
True
Let j(l) be the second derivative of -l**3/6 + 193*l**2/2 + l. Let u be j(0). Suppose 2*c - u = -5*r, -5*c + c - 5*r + 381 = 0. Is c prime?
False
Suppose -12*d = -11*d + 2. Is 1/2 + (-11497)/d composite?
False
Let w = 1 - 0. Let u(d) = -57*d**3 + 4*d**2 + 5*d - 4. Let s(l) = 57*l**3 - 3*l**2 - 4*l + 3. Let h(k) = 5*s(k) + 4*u(k). Is h(w) prime?
False
Suppose 572 = 2*f - 4*k, k - 781 = -4*f + 354. Let b = f + -50. Is 11/55 + b/5 a composite number?
False
Suppose -5*w + 9*w = 7484. Is w a composite number?
False
Is 64300/55 - (-8)/(-88) a composite number?
True
Let p be 6 - 6 - -1*(5 - -1). Let d(r) be the third derivative of -r**6/120 + 2*r**5/15 + r**4/8 + r**3/6 + r**2. Is d(p) prime?
False
Is 6631 - (2 - (6 - 0)) prime?
False
Let l(a) = -a**3 - 18*a**2 + 3*a - 7. Is l(-24) a composite number?
True
Let m be 62/22 - 18/(-99). Let r be 3/15 - m/15. Suppose -5*b + 5 = r, -2*w + 3*w - 129 = -2*b. Is w a composite number?
False
Suppose -3*f + 166 = -104. Let r be f/40 - (-2)/(-8). Suppose u - 2*w = r*w + 221, 0 = -5*u - 4*w + 985. Is u composite?
True
Suppose 20*o - 15*o = 4*d - 40176, 5*d = -3*o + 50183. Is d prime?
True
Let h = -2 - -5. Is 295 - (h/(-3) + 3) composite?
False
Suppose -r = -w + 11030, -3*w + 33093 = 10*r - 14*r. Is w a prime number?
True
Suppose -40 = -2*g - 3*g. Let l(j) = -11 - 20*j + 0*j**2 + 2*j**2 + 24*j. Is l(g) a composite number?
False
Suppose -22569 = -4*q - 2*k + 15363, -2*q + 3*k + 18950 = 0. Is q composite?
True
Is (-3 - 7272*-1)*1 a prime number?
False
Let p be 4 + -8 - (1 - 35). Is ((554/2)/(-1))/((-10)/p) a prime number?
False
Is 123986/4 + ((-1449)/(-42))/(-23) composite?
True
Suppose 10*b = 15*b - 11545. Is b a composite number?
False
Suppose 0 = 4*x - 0*u - 5*u + 20, 4*x + 16 = 4*u. Let d(q) = q**3 + q + 59. Is d(x) a prime number?
True
Let c(k) = 68*k**2 - 4*k - 7. Suppose 15 = 6*x - 3*x. Is c(x) a composite number?
True
Let j be (-3032)/(-10) + (-2)/10. Let k = j - -910. Is k prime?
True
Let c = -14 - -8. Let j(x) = -x**2 - 4*x + 14. Let s be j(c). Suppose 4*o - k = 336, -2*k = -s*o + 2*k + 154. Is o a composite number?
True
Suppose 0 = -2*l - 1 + 17. Is l/4*(-214)/(-2) a prime number?
False
Suppose -2*q - 2*t = 10, 4*q - t + 8 = -2*t. Is 4*(401/4 + q) prime?
True
Suppose 194014 = 2*u + 4*i, -6*i - 388041 = -4*u - i. Is u composite?
True
Suppose 4*z + z - 10 = 0. Suppose 3*c - z*o = -3*o + 9, -c + 3 = o. Suppose -s + m + 0*m = -165, -c*m = 4*s - 688. Is s composite?
True
Is 205016 + 3 - (14 - 4) a composite number?
True
Let r(i) = -14*i**3 - 2*i**2 - 9*i + 6. Let d be r(3). Let z = 166 - d. Is z composite?
True
Suppose -269 = -u + 4*n + 1396, -5*n = 10. Is u a composite number?
False
Let h = 12139 + -2004. Is h composite?
True
Let n(r) = 159*r**2 + 32*r - 396. Is n(19) a prime number?
False
Let r(o) = 898*o**3 - 2*o**2 + 2*o - 1. Let v be r(1). Let s = v - 406. Is s prime?
True
Let y be -32 - (-3)/((-3)/(-2)). Let w be (9 + 0)/((-6)/y). Let p = 280 - w. Is p composite?
True
Let h(d) = -5*d**3 + 2*d**2 + d - 5. Let n be h(7). Let w = 2281 + n. Let s = w + -395. Is s prime?
True
Let x = 426 - -223. Is x prime?
False
Let n(b) = 83*b - 21. Let v(q) = -168*q + 42. Let d(c) = -7*n(c) - 3*v(c). Is d(-16) composite?
True
Let d(p) = -1126*p - 927. Is d(-14) composite?
True
Let n be (-14)/(-4)*(-11 - 3). Let a(x) = -16*x - 27. Let z be a(5). Let p = n - z. Is p a composite number?
True
Let d(u) = -119*u - 8. Let j(k) = -118*k - 7. Let r(f) = -5*d(f) + 6*j(f). Suppose